l - z - 135. What is the tens digit of l?
1
Suppose 0*w + 8*w = 0. Let s = w - -30. What is the tens digit of s?
3
Let w be 2/4*(-24)/(-4). What is the units digit of 22066/119 - w/7?
5
Let i(v) = -v + 16. Let c be i(12). Suppose -5*k + 93 = c*w, -42 = -2*k - 0*w - 4*w. Let n = 23 - k. What is the units digit of n?
6
Suppose -5*c = -4*c + 30. Let x be 0 + (-13)/(13/c). Suppose 4*f + x = 5*f. What is the tens digit of f?
3
Suppose -4*g + 1110 = -g. Suppose 2*s - 7*s - g = 0. What is the units digit of s/(-8)*(-36)/(-9)?
7
Suppose 0 = -4*i - 3*s + 3137, 4*s - 794 = 5*i - 6*i. What is the tens digit of i?
8
Let j(o) = -5*o**2 - 8*o + 8. Let r(m) = -11*m**2 - 16*m + 17. Let k(u) = 9*j(u) - 4*r(u). Let x be k(-5). Suppose -x = -l + 8. What is the units digit of l?
7
Let v(b) = -b - 9. Let f be -6 + -1 + 4 - 12. Let i be v(f). What is the units digit of ((-1)/i)/(3/(-18))?
1
Let y be (-3)/(-24)*-2 - (-45)/(-12). What is the units digit of 35/20 - 0 - 1/y?
2
Let a be (15/(-9) - -1)*27. Suppose 0 = 4*n + 31 - 11, -3*n = 4*f - 657. What is the units digit of 3*-2*f/a?
6
Let l = 3329 - 371. What is the thousands digit of l?
2
Suppose -34*n + 315 = -33*n. What is the hundreds digit of n?
3
Let u be 1 - 3 - (-6 + 4). Let a be (-2 - u)/(7/(-231)). Let v = a - 34. What is the tens digit of v?
3
Let k(b) = b**2 - 7*b + 156. What is the tens digit of k(39)?
0
Let b be 36/54*(-18)/4. Let k(u) be the third derivative of -u**5/60 - u**4/6 - u**3/6 + u**2. What is the units digit of k(b)?
2
Suppose -65042 + 2350 = -28*r. What is the units digit of r?
9
Suppose 108 = 19*x - 6. Let u(h) = 2*h**3 - 4*h**2 - 6*h - 14. What is the hundreds digit of u(x)?
2
Let g(s) = 6*s**2 + 46*s - 31. What is the units digit of g(-16)?
9
Let n(r) = -1. Let j(u) = u + 3. Let f(b) = 2*j(b) + 9*n(b). Let k = 9 - 5. What is the units digit of f(k)?
5
Suppose -a - 731 = -2*u, -3*u - 2*a = -1482 + 403. What is the hundreds digit of u?
3
Let j(c) = c**2 - 8*c + 1. Let l be j(4). Let t = 17 + l. What is the units digit of (-11)/((2/(-3))/t)?
3
Let w(g) = g**3 + 12*g**2 - 20*g + 28. What is the tens digit of w(-11)?
6
Let k be -4*6*3/(-6). Suppose -s - z = z - k, 5*z - 23 = s. Suppose s*f - 185 = -3*f. What is the tens digit of f?
3
Let g = -24 + 24. Suppose 216 = 2*z - g. What is the hundreds digit of z?
1
Suppose 16 = 8*t - 0. Suppose 0 = t*l - 24 - 4. What is the units digit of l?
4
Let f be ((-8)/(-8))/((-1)/3) + 2. What is the tens digit of (7/21)/(f/(-45))?
1
Let q = 599 + 739. What is the hundreds digit of q?
3
Let w(b) = 5*b**3 + b**2 - b - 2. Let u be w(2). What is the tens digit of u + 2 + 4/(-1) + 0?
3
Let n(g) = g**3 - 38*g**2 + 182*g - 62. What is the units digit of n(33)?
9
Let w = 2416 - -1439. What is the units digit of w?
5
Let a = -30 - -34. Suppose 3*m - 32 = 4*q, -a*m + m - 2*q = -56. What is the units digit of m?
6
Let s be (3 - 6)*(-2)/1. Suppose -2*r + s*r = 284. What is the units digit of r?
1
Suppose -80 = -w + 4*p, -310 = -3*w - 2*w + 2*p. Suppose w = 2*q - 14. Suppose -j - q = -2*j. What is the units digit of j?
7
Let d = -18 + 24. Let o be d - (-3 + 5 + -1). Suppose -o*s = -q - 186, -5*s + 43 = -5*q - 147. What is the units digit of s?
7
Let v(o) = 13*o - 11. Let m be v(-3). Let b = m + 115. What is the units digit of b?
5
Suppose 0 = 4*u + u. Let h be u + -1 + -8 - -3. What is the units digit of (2 - -1) + (h - -5)?
2
Let s = 3080 + -1716. What is the hundreds digit of s?
3
Suppose -4*w + 224 = 5*l - 124, 87 = l - 5*w. Suppose -2*r = 2*r - l. Let q = r + -8. What is the tens digit of q?
1
Suppose -7*u - 2*i - 5272 = -12*u, 0 = 2*u - 2*i - 2104. What is the thousands digit of u?
1
Let b = -44 + 49. Suppose -p = 2*n - 44, -b*p + 0 = -2*n + 32. What is the tens digit of n?
2
Let w = -278 + 497. Let k = w - 112. What is the hundreds digit of k?
1
Suppose 790 = y - 46. What is the hundreds digit of y?
8
Let g(o) = 2*o**3 + o**2 - o. Let c be g(1). Suppose n = -c*n + 12. Suppose -l = 4*d - 38 + n, 92 = 4*l + 5*d. What is the tens digit of l?
1
Suppose -4*t + t - 4*b + 1243 = 0, -2*t + 828 = 3*b. What is the hundreds digit of t?
4
Let w = -198 - -302. Suppose 276 = 3*i + 3*y, 0*i - w = -i + 2*y. What is the tens digit of i?
9
Let p(r) be the second derivative of r**7/315 + r**4/12 - 5*r. Let c(a) be the third derivative of p(a). What is the units digit of c(-1)?
8
Let i(t) = 133*t**2 - 82*t + 17. What is the tens digit of i(-6)?
9
Suppose 4 = 4*m + 76. Let q = m + 64. Let k = 84 - q. What is the units digit of k?
8
Let t(k) = k**2 + 5*k - 31. Let a be t(-9). Suppose -5*j + 28 = b, 0 = -b + 3*j - a*j + 16. What is the units digit of b?
8
Let n(u) = u**3 - 29*u**2 - 40*u - 167. What is the hundreds digit of n(31)?
5
Let n = -28 - -35. Let x(a) = -a**3 + 5*a**2 + 2*a + 3. Let f be x(6). What is the units digit of n/((-28)/(-8)) - f?
3
Suppose 0 = -26*q + 25*q - 7. Let r(g) = -16*g - 67. What is the units digit of r(q)?
5
Let f(o) = -196*o + 72. What is the tens digit of f(-8)?
4
Let d(n) = 5*n. Let s be d(6). Suppose 120 = 3*f + 12*j - 15*j, 2*j - 40 = -f. Suppose -4*o - f = -4*k, -k = 2*o + o - s. What is the units digit of k?
5
Let j be 2/(-6) + (-2)/(-6). Suppose -2*k + 18 = -j*k + 4*t, 2*t + 105 = 5*k. Suppose -5 = -4*o + k. What is the units digit of o?
6
Suppose -2*m + 603 = 219. Let p = -115 + m. Suppose 2*y = 5*a + p, -2*y + 2*a = -3*y + 43. What is the units digit of y?
1
Suppose 22*k - 5290 = -1528. What is the hundreds digit of k?
1
Suppose 2*f = -i - 2, -f - i = -0*i + 1. Let c be -10 - 2/((-2)/f). What is the tens digit of (-2)/c + (-1145)/(-55)?
2
Suppose 0 = 5*h - 340 - 300. Let s = -80 + h. What is the tens digit of s?
4
Suppose 2*q + 26 = 4*q. Let k(w) = w**3 - 14*w**2 + 16*w + 2. What is the tens digit of k(q)?
4
Let u(p) = 79*p - 94. What is the hundreds digit of u(5)?
3
Let q(r) = -67*r + 10. Let v be q(-5). Let t = -197 + v. What is the units digit of t*3/(-12)*-1?
7
Let q = 3125 + -1045. What is the units digit of q?
0
What is the tens digit of (-539245)/(-665) - 6/(-57)?
1
Let j(u) be the first derivative of -2*u**3/3 + 155*u - 6. What is the hundreds digit of j(0)?
1
Suppose -1494 = 20*i - 26*i. What is the units digit of i?
9
Let j = -12 + 364. Suppose 5*z - z = j. What is the tens digit of z?
8
Let q = 230 + 519. What is the tens digit of q?
4
Let y(i) = 11*i**2 + 5*i + 16. Let d be y(-5). Suppose -d + 10 = -2*u. What is the tens digit of u?
2
Let o = -1552 + 3795. What is the hundreds digit of o?
2
Let n(m) be the third derivative of -m**4/8 - 5*m**3/2 - 31*m**2. What is the units digit of n(-7)?
6
Let v be 1/2*(6 - -16). Suppose -13*b + 66 = -v*b. What is the tens digit of b?
3
Let i = 556 + -17. What is the units digit of i?
9
Suppose -3527 = -14*p + 16913. What is the thousands digit of p?
1
Suppose -52*k + 65*k - 442 = 0. Let z(g) = 24*g + 1. Let b be z(-1). Let l = b + k. What is the units digit of l?
1
What is the hundreds digit of 3/4 + 86199/236?
3
Let t = -1172 - -1776. What is the tens digit of t?
0
Let o(y) = y**3 - 9*y**2 + 4*y + 3. Let k(g) = 2*g**3 - 17*g**2 + 9*g + 5. Let p(j) = 3*k(j) - 7*o(j). What is the hundreds digit of p(10)?
1
Suppose 7*j - 32 = 5*j. Suppose 4*f - 20 = -j. Suppose 0 = 4*i + 3*d - 39 - f, 3*d - 53 = -5*i. What is the units digit of i?
3
Let l(v) = -2*v + 9. Let m be l(-5). Let q = m - 15. Suppose i + 3*t - 112 = -q*i, i - t - 16 = 0. What is the tens digit of i?
2
Let d(c) = 277*c**2 - 19*c + 42. What is the tens digit of d(2)?
1
Suppose -59*f + 57345 = -64903. What is the units digit of f?
2
Suppose -4*k - 2*h - 72 = 34, -2*k - 3*h = 51. Let z = k - -50. What is the units digit of z?
3
Let d(q) = -q**3 - 17*q**2 - 7*q - 31. Suppose 0 = 6*u - 0*u + 102. What is the units digit of d(u)?
8
Let c(w) = w + 7. Suppose -3*b - 10 = -4*s + 11, -s = 3*b + 6. Let x be c(b). Suppose 0 = -x*i + 8*i - 12. What is the units digit of i?
3
Suppose -3*t - h - 54 = 0, 3*h - 8*h + 110 = -5*t. Let p = -19 - t. What is the tens digit of 1 + p + 304/8?
3
Let u(j) = -31*j + 375. What is the tens digit of u(-26)?
8
Suppose 0 = 3*v - 5*s - 0*s + 8, 2*s - 7 = 5*v. Let i(j) = 4*j - 5*j + 477*j**3 - 495*j**3 - j**2. What is the units digit of i(v)?
8
Let r(l) = 2*l - 4. Let t be r(4). Suppose -5*m = -t*m - 19. What is the tens digi